p(-5).
-6
Let o(b) be the third derivative of -b**4/12 + 4*b**3/3 - 6*b**2 + 4*b. What is o(8)?
-8
Let p(g) be the first derivative of 0*g**2 + 1/3*g**3 - 2*g - 4. Calculate p(-3).
7
Suppose 0*j - j = 1. Let v(x) = -x**2 - 12*x - 9. Let q be v(-11). Let i(r) = -2*r - 2 - 5*r**q + 0 + 1. Determine i(j).
-4
Let u be (30/(-9) - -4)*3. Let b(l) = 3*l**2 - 4*l + 3. Determine b(u).
7
Let z(y) = -1 + 49*y + 3 - 3 - 42*y. What is z(-5)?
-36
Suppose 0*r = r - 6. Suppose -3*y = -r*y. Let w(g) = g**3 + g**2 + 2. What is w(y)?
2
Let z(l) = l**3 - 6*l**2 + 4*l - 4. Let v(f) = 3*f - 19. Let h be v(8). Give z(h).
-9
Suppose 36 = -23*f + 19*f. Let x(p) = -p**3 - 10*p**2 - 10*p - 3. Give x(f).
6
Let k(u) = 3*u**3 - 10*u**2 + 4*u + 27. Let h(q) = -q**3 + 3*q**2 - q - 9. Let a(w) = -17*h(w) - 6*k(w). Give a(8).
-1
Let u(p) = 3*p - 7. Let v be u(3). Let g(h) be the third derivative of 0*h + 1/60*h**5 - 1/8*h**4 + v*h**2 - 1/6*h**3 + 0. Determine g(-2).
9
Let l(p) = 3*p + 67. Let w be l(-21). Let i(d) = d**2 - 7*d - 4. Determine i(w).
-16
Let q(v) be the first derivative of 4 + 5*v + 3*v**2 + 1/3*v**3. What is q(-6)?
5
Let a(g) = -g**3 + 6*g**2 + 6*g + 5. Let u(m) = m. Let f(j) = -a(j) - u(j). Calculate f(7).
-5
Let m(o) be the third derivative of o**6/120 + o**5/10 - o**4/24 - 5*o**3/6 + 9*o**2. Calculate m(-6).
1
Let u(i) = -i**2 + 5*i - 2. Suppose 5*l - 31 = 5*k + 4, 3*l + 5*k = 5. What is u(l)?
-2
Let k(m) = -9*m**2 + 5*m - 9. Let b(g) = 5*g**2 - 3*g + 5. Suppose 0*t = -t - 4. Let q(w) = t*k(w) - 7*b(w). Give q(-2).
3
Let o(v) = -7*v**2 - 2*v - 1. Let h(r) = -r**3 - r**2 + 4*r - 1. Let s be (-42)/15 + 1/(-5). Let g be h(s). Let k = -6 + g. Give o(k).
-6
Let u(k) = -k**2 - k - 2. Suppose 7*d = -4*w + 2*d + 15, 4*w = -3*d + 9. Calculate u(w).
-2
Let v = -9 + 15. Let l(n) = n**3 - 6*n**2 - n + 7. Determine l(v).
1
Suppose -4*h - 2*f = 4 - 12, h - 2*f = -8. Let t(l) be the third derivative of 0*l**5 - 1/120*l**6 - 4*l**2 + 0*l - 1/2*l**3 + 0 + h*l**4. Determine t(0).
-3
Suppose 5*o + 2 - 5 = 3*y, -y = 3*o - 13. Suppose 8 = -o*h + 5*h. Let r(x) = -3*x - 1. Give r(h).
-13
Let g(a) = a**3 + a**2 + 1. Let m(i) = -5*i**3 - 5*i**2 + 5*i - 1. Let b(k) = -4*g(k) - m(k). Give b(-3).
-6
Let t = 0 - -3. Suppose 4*i - 21*i - 17 = 0. Let m = i + t. Let b(k) = k**3 + k**2 - 2*k. What is b(m)?
8
Let c = -10 - -19. Let l(q) = 37*q - 11. Let s(k) = 18*k - 5. Let n(m) = c*s(m) - 4*l(m). Determine n(1).
13
Suppose 4*a - 2*a - 5*f = 11, -11 = -5*a - 4*f. Suppose 17 = -a*x + 41. Let v be 54/(-12)*x/6. Let o(j) = j**2 + 6*j - 2. Give o(v).
-2
Let i(j) = j**3 + 7*j**2 - 2*j - 8. Let q be (-3 - 0)*(-14)/(-6). Calculate i(q).
6
Let o(v) = -v**3 - 3*v**2 + 3*v - 8. Let z(n) = -5*n**3 - 14*n**2 + 15*n - 41. Let p(c) = 11*o(c) - 2*z(c). What is p(-6)?
12
Let s(x) = x - 7. Let q(g) = 11*g - 7. Let r(m) = -27*m + 18. Let u(v) = -12*q(v) - 5*r(v). Let c be u(3). Calculate s(c).
-4
Suppose 0 = 4*n + v + 25, -5*v + 15 = 4*n + 60. Let o(p) = p**2 + 6*p. What is o(n)?
-5
Let d(q) = -2*q**2 + 63 + 3*q - 31 - 34. Determine d(3).
-11
Suppose -3*r + 4 = m, -5*r - 4 = -m - 16. Suppose -13 = r*y - 3*l, 4*y - 6 = -4*l + 18. Let k(f) = 6*f**3 + f**2 + f - 1. Give k(y).
7
Let h(f) = f**3 - f**2 - 2*f + 1. Let t be h(2). Let z(m) be the first derivative of m**4/4 + m + 1. Calculate z(t).
2
Let p(n) = 2*n**2 - 2*n + 1. Let a = -145 - -147. What is p(a)?
5
Let v = 34 - 23. Let m = v - 10. Let o(f) = -3*f**3 - f**2 + f. Determine o(m).
-3
Let g(n) = -n**2 + 6*n. Suppose -5*j = c - 10, -2*c - 2*c - 23 = -j. Calculate g(j).
9
Let u(i) = 1 + i + 1 - 2 - 4. What is u(3)?
-1
Let r(n) = n**2 + 3*n + 1. Let d = 6 + -4. Suppose -d*t + 6*t + 12 = 0. Calculate r(t).
1
Let u(k) = -10*k**3 - 14*k**3 + 2*k**2 + 2*k + 4 + 2*k**2 + 25*k**3. Give u(-3).
7
Let q(n) = -n - 5. Let l(u) = -1. Suppose 0 = -5*a - 15. Let o = 1 - a. Let r(f) = o*l(f) - q(f). Determine r(-4).
-3
Let c(n) = n**3 + 4*n**2 + 5. Let l be 2 - 3 - -1*(2 - 5). What is c(l)?
5
Let w be 3/(-2) + (-3)/(-2). Let u(s) = -34*s + s**3 + 33*s + w*s**2 + 2*s**2. Determine u(-2).
2
Let j(p) = -p**2 + 6*p - 1. Let n(k) = k**2 + 1. Let f(d) = -j(d) - 2*n(d). Let w(l) be the first derivative of f(l). Give w(-5).
4
Let m = 112 - 103. Let w(l) = l**2 - 8*l - 10. Determine w(m).
-1
Let p(s) = s - 1. Let t be p(5). Suppose -2*h + 2*u = 0, 3*u - t*u = 4*h + 10. Let a(x) = -x + 4. Let l(y) = -y + 3. Let w(q) = 5*a(q) - 6*l(q). Determine w(h).
0
Suppose 0 = -s - 0*s - m + 2, 0 = 3*m + 3. Let z be -1 - ((-1)/1 + 4). Let w be ((0 - z) + -1)/s. Let c(j) = -7*j**3 - j**2 + 2*j - 1. Give c(w).
-7
Let a be 2 + (-2)/1 + 0. Let t(g) = -1 - g + a*g + 4. Determine t(5).
-2
Let k = 0 + 3. Let a(t) = 2*t**2 + 3 + 1 + t**3 + 2*t - k*t + 0. Suppose 5 = -4*p - 7. Determine a(p).
-2
Let k = -4 + 6. Let o(l) = 7 - 6*l**k - 2 - 1 - 3*l - l**3. Give o(-5).
-6
Let q = 5 - 3. Let f(l) = -l**2 - 4*l - 2. Let j(s) = -2*s**2 - 7*s - 3. Let v(n) = q*j(n) - 5*f(n). What is v(-5)?
-1
Suppose -4*n + 7 = 3. Let u be 1 + 4/((-1)/n). Let q(b) = 5*b**2 + b + 4*b + b**3 + 3 + 0*b. Calculate q(u).
6
Let p = 2 + -3. Let n(y) = 3*y + 1. Let z be n(1). Let d be z/p + 0 + 0. Let o(a) = a**2 + 5*a + 1. Give o(d).
-3
Let r(h) = -2*h - 4. Suppose 0 = -u + 9 + 2. Suppose -4*a + 40 - 8 = 0. Let w = a - u. Give r(w).
2
Let n(x) = x**3 - 6*x**2 - 9*x - 3. Let u(s) = -3*s**3 + 11*s**2 + 19*s + 6. Let y(r) = 5*n(r) + 2*u(r). Give y(-7).
-3
Suppose k = 6*k - 3*i + 34, -6 = 3*k + 3*i. Suppose 0 = -3*s + 7*s - 32. Let a(w) = 2*w - s*w + 5*w. Calculate a(k).
5
Let i be (-88)/16 + 1/2. Let q(r) = -2*r**2 - 6*r + 4. What is q(i)?
-16
Let t(w) = -w**3 - 4*w**2 - 4*w - 4. Let z(y) = -y**3 - 5*y**2 - 5*y - 4. Let f(a) = 3*t(a) - 4*z(a). Let u(c) = -2*c + 1. Let l be u(4). Calculate f(l).
-3
Let z(i) = 4*i**2 - 2*i + 1. Let j be (-1)/(-4) - (-98)/56. Calculate z(j).
13
Let x(c) = c**2 - 4*c - 2. Let k(y) = -9*y + 3. Let z be k(-3). Suppose -z = -2*d - 3*d. Calculate x(d).
10
Let g(d) be the third derivative of d**6/120 - d**5/20 - d**4/12 - 5*d**3/6 + d**2. Let o(s) = s + 7. Let v be o(-3). What is g(v)?
3
Suppose 2*x + x - 3 = 0. Let u = x - -2. Let h(k) = -k + 8. Let t(r) = -2*r + 17. Let l(q) = -9*h(q) + 4*t(q). Calculate l(u).
-1
Let z be (2/4)/((-2)/(-4)). Let v be (-3 - (0 + -2))*-3. Let t(p) = -1 + v*p - 5*p + p - 8*p. Calculate t(z).
-10
Suppose w - 4*w = -a - 9, 0 = a. Let n(o) be the first derivative of -o + o**2 - 11/3*o**w - 1. Give n(1).
-10
Suppose 5*b + 3*s = s + 25, b - 5 = 4*s. Let h(g) be the first derivative of -g**4/4 + 4*g**3/3 + 5*g**2/2 - 6*g - 10. Calculate h(b).
-6
Let h(r) be the second derivative of -r**4/12 + r**3 + r**2 - 55*r. Determine h(6).
2
Let b(s) = s**2 - 8*s + 8. Let k be b(7). Let p = -1 - k. Let v(q) = -q**3 - 2*q**2 - 3*q - 1. Calculate v(p).
5
Let n be (1 + (-10)/6)*6. Let h(g) = 8*g**3 - 2*g**2 + 13*g + 1. Let d(y) = 7*y**3 - y**2 + 12*y + 1. Let c(j) = 7*d(j) - 6*h(j). Calculate c(n).
-7
Let k(j) = -j**3 + j**2 + j - 1. Let q be (16/(-32))/(2/(-4)). Calculate k(q).
0
Let r(u) = u**3 + 5*u**2 + u + 6. Let g = 36 + -41. Calculate r(g).
1
Let y = 6 + -1. Suppose -y = -3*f - 2*f. Suppose 9 + f = 2*o. Let t(n) = -n + 2. Determine t(o).
-3
Let o(z) = 2*z**2 + z + 2. Let g be o(2). Let a be (-3)/6 - 30/g. Let k(n) = 3*n - 1. Give k(a).
-10
Let t(q) = 2*q**2 + q + 3. Let s(r) = r**2 + 2*r + 3. Let a(h) = -3*s(h) + 2*t(h). Calculate a(6).
9
Suppose 0 = -18*v + 17*v + 5. Let i(j) = -j**3 + 4*j**2 + 3*j - 7. Calculate i(v).
-17
Let a(z) = 4*z - 42. Let w be a(10). Let j(p) = 2*p**2 + 2*p - 1. Give j(w).
3
Let z(c) = 2*c + 3. Suppose -3*i - 4*f + 3 - 13 = 0, -3*i - 3 = -3*f. What is z(i)?
-1
Suppose -3*j - 17 - 4 = 0. Let z(c) = -c - 8. Let f be z(j). Let g(m) = 4*m. Give g(f).
-4
Let k = -7 + 5. Let d be -1 + 0 - (k + -3). Let y(m) = -2*m**2 - m + m**2 + 5*m + 0 - 2. Give y(d).
-2
Suppose 0 = 5*a - 8 - 12. Suppose -a*o - o - 5 = 5*h, -17 = 5*h - o. Let q(j) = -j**2 - 4*j - 1. Determine q(h).
2
Let i(q) = q**2 - 3*q - 3. Suppose -2*k + 34 = 2*d, -4*k = 3*d + 11 - 75. Suppose -3*o + u - 4 = -4*o, -5*o + 2*u = -k. Determine i(o).
-3
Let v(o) = -o + 1. Let m(q) = q**3 + 9*q**2 - 5. Let l be m(-9). Let r(t) = -t. Let s be r(l). Give v(s).
-4
Let n(c) = 3 - 67*c + 22*c + 21*c + 23*c. Determine n(2).
1
